of z(-19)?
1663
Suppose 2*u - 3*v + 256 + 5 = 0, -5*u - 678 = v. Let r = u + 216. What are the prime factors of r?
3
List the prime factors of (-4 - (-4412)/16)/((-8)/(-32)).
1087
Let n(u) = u - 3. Let h be n(-1). Let c(s) = -2*s**3 + 5*s - 2. What are the prime factors of c(h)?
2, 53
Let n(k) = -k**3 - 38*k**2 + 139*k + 46. List the prime factors of n(-42).
2, 79
Let k = -16 - -23. Suppose -2*u - 6 = -4*p, -u = 2*p + 2*u - k. Suppose 3*f - 70 = -p*f. What are the prime factors of f?
2, 7
Suppose -2*i = -19*t + 16*t + 386, t - 127 = i. What are the prime factors of t?
2, 3, 11
Suppose 2*t - 470 = -2*s, 4*s + 5*t - 935 = -0*s. Suppose 0*h - s = -4*h. Suppose -x = x - h. List the prime factors of x.
2, 3, 5
Let l(z) = z**2 + 5*z + 4. Let y be l(-4). Suppose y = 4*w - 151 - 1. Let q = -9 + w. What are the prime factors of q?
29
Suppose -9*j - 502 = -10*j - u, 3*j - 3*u = 1488. What are the prime factors of j?
499
Let v be (15/(-5) - -15)*2/6. Suppose -v*q - i + 372 = 0, 262 = 3*q + 7*i - 2*i. What are the prime factors of q?
2, 47
Let a be (0 - -2) + 6 + (-3 - 0). Let i(w) = 2*w**3 - 7*w. List the prime factors of i(a).
5, 43
Suppose -z + 5*t - 24 = 0, 2*z - 22 + 0 = -4*t. Let g be 0 + -2 + (z - 1). Let k = g + 41. List the prime factors of k.
3, 13
Let m = -418 + 694. What are the prime factors of m?
2, 3, 23
Let v(w) = w**3 + 21*w**2 + 26*w - 1. Let c be v(-19). Suppose -4*j + 121 = -c. What are the prime factors of j?
3, 29
Let p = -107 - -111. Suppose 1064 = -0*z + p*z. List the prime factors of z.
2, 7, 19
Suppose 3 = -4*c + 23. Suppose 58 = -2*t + q, c*t + 71 = -q - 88. Let p = t - -53. List the prime factors of p.
2, 11
Let i(h) = -h**2 + 9*h - 5. Let p be i(6). Let y(u) = u**2 - 12*u - 18. Let c be y(p). Let l = c + 22. List the prime factors of l.
17
Let h be (2/(-5))/(13/(-130)). Suppose h*r = -f + 214, 3*r - 97 - 75 = 5*f. List the prime factors of r.
2, 3
Let v(m) = -m**2 + 14*m - 7. Let y = -39 - -23. Let r = y + 28. List the prime factors of v(r).
17
Let r(o) = 7*o + 4. Let s(x) = -x - 3. Let z be s(-8). Let q be (-4*3)/(z + -7). What are the prime factors of r(q)?
2, 23
Let q = 78 + -22. Let k = 28 + q. What are the prime factors of k?
2, 3, 7
What are the prime factors of (-31 - 1136)/(-5 + 2)?
389
Let i(o) = 10*o + 14*o - 22*o + 5*o**2 - 3. What are the prime factors of i(-2)?
13
Let n(p) = p**3 + 4*p - 6. Let r be (-16)/104 - 123/(-39). Suppose b - 16 = -r*b. List the prime factors of n(b).
2, 37
Let h = 20 + -7. Let s(u) = -u**2 + 13*u + 17. Let c be s(h). Let x = c - -12. What are the prime factors of x?
29
Let s be (10/3)/((-9)/27). Let r = s + 14. Suppose -3*k - 68 = -r*p, -3*k - 8 - 43 = -3*p. What are the prime factors of p?
17
Let a(h) = -55*h**3 + 3*h**2 + 8*h + 7. What are the prime factors of a(-3)?
5, 13, 23
What are the prime factors of 1/(7/35) + 10*89?
5, 179
Suppose -5*s = 4*l - 225 - 100, -s = 2*l - 167. Suppose 0 = -a + 6*a - l. List the prime factors of a.
17
Let s(r) be the third derivative of r**6/120 + 11*r**5/60 - 7*r**4/12 + 14*r**3/3 - 9*r**2. What are the prime factors of s(-12)?
2, 13
Suppose -48 = -z + 94. Let u = -56 + z. What are the prime factors of u?
2, 43
Let t = -2 + 1. Let k = 7 - t. Let m(b) = b**3 - 6*b**2 - 10*b + 18. What are the prime factors of m(k)?
2, 3, 11
Let s(c) = 25*c - 80*c + 2 + 1. What are the prime factors of s(-2)?
113
Suppose -5*b + 298 = -4*b. List the prime factors of b.
2, 149
Let k(b) = 24*b**2 + 3*b + 2. Suppose 6*w = 5*w - 3. What are the prime factors of k(w)?
11, 19
Suppose -4*m + 24 = -24. Suppose 0 = 8*r - 5*r - m. Suppose -1 = r*x - 93. What are the prime factors of x?
23
Let d(n) = n**3 - 5*n**2 - 3*n - 14. Let p be d(6). Suppose 241 = p*k - 119. What are the prime factors of k?
2, 3, 5
Suppose 2*x + 0*s - 1524 = -2*s, 0 = -3*s - 6. List the prime factors of x.
2, 191
Let q(m) = 161*m**2 + 8*m + 2. List the prime factors of q(4).
2, 3, 5, 29
Suppose -5*n - 2*x + 1195 = 0, -4*n + 5*x - 6*x = -953. Let a = 6 - 1. Suppose 4*y + 25 = 5*y + 5*r, -a*y + n = -3*r. What are the prime factors of y?
3, 5
Let c(p) = 7*p + 479. List the prime factors of c(0).
479
Suppose 0 = -4*c + 4*p - p + 3596, -3*p - 1804 = -2*c. What are the prime factors of c?
2, 7
Suppose 2*a - 5*k + 680 = 0, k = 5*a + 754 + 969. Let v = 192 + a. Let x = v - -220. What are the prime factors of x?
67
Suppose -3*s - s = 0. Suppose s = -14*f + 15*f - 22. List the prime factors of f + (1 + 2)/(-3).
3, 7
What are the prime factors of (-107 - (-3)/3)/(-1)?
2, 53
Let u = -297 - -179. Let m = u + 315. List the prime factors of m.
197
Let c be 1*((1 - 3) + 10). Suppose -v - c = -38. List the prime factors of v.
2, 3, 5
Suppose -4*j + h = 15, -2*h + 9 = -2*j + 3. Let b(n) = 2*n**2 - 4*n - 20. What are the prime factors of b(j)?
2, 7
Let j = -121 + 318. List the prime factors of j.
197
What are the prime factors of ((-222)/4)/(27/(-342))?
19, 37
Suppose -2*o - 35 = 3*o. Let s(m) = -m. Let l(b) = 3*b + 12. Let r(j) = l(j) + 6*s(j). What are the prime factors of r(o)?
3, 11
Suppose z + 2*z - 12 = 0. Suppose z*l = 100 + 64. List the prime factors of l.
41
Suppose -4*r = -8*r + 4*t - 8, 4*t - 13 = 5*r. Let o = r - -10. Suppose -4*b = -4*p + 100, 4*b - 50 - 30 = -o*p. List the prime factors of p.
2, 5
Let q(k) = k - 3. Let p be q(2). List the prime factors of (-1)/(p/(-28))*-1.
2, 7
Let m(g) = 3*g**3 - 5*g**2 + 2*g + 8. Let c be m(4). Let d = c - 72. What are the prime factors of d?
2, 7
Let c(g) = g**3 - 16*g**2 + 13*g + 18. Let s be c(13). What are the prime factors of s/(-5) + -4 + 1?
61
Let p(v) = v**3 - 8*v**2 - 2*v + 11. Let h be p(8). Let t(q) = 8*q**2 + 4*q + 4. List the prime factors of t(h).
2, 23
Suppose -197 = -k + 178. Let n = -221 + k. What are the prime factors of n?
2, 7, 11
Suppose 0 = 5*n + 9 + 51. Let o be (-1)/(-1) + 1 - (-4 + 0). List the prime factors of o/(-9)*90/n.
5
Suppose 10205 = -1463*x + 1476*x. List the prime factors of x.
5, 157
Let i = -70 + 78. Suppose -i*z + 443 = -141. What are the prime factors of z?
73
Suppose -146 = -5*y + 274. Let z = y - -24. What are the prime factors of z?
2, 3
Suppose -4*f - 4*w = -5*w - 2068, 4*w - 2585 = -5*f. List the prime factors of f.
11, 47
Let w be (-1 - (-3)/12)*-4. Suppose 4*b - 3*i = 25, -2*b + w*b - 2*i = 5. Let u = b + -1. List the prime factors of u.
2, 3
Let p = 729 - 578. List the prime factors of p.
151
Let u = 37 - 9. Let j = 23 - 18. Suppose -a - 140 = -j*k, 0 = -4*k - 4*a - u + 140. List the prime factors of k.
2, 7
Let j = 8979 - 3630. What are the prime factors of j?
3, 1783
Suppose 2 + 1 = -3*c. List the prime factors of -3 + (-2 - -65) + c + 4.
3, 7
Suppose 0 = -4*d - 4*r + 13120, -13*d + 16*d - 9828 = -6*r. List the prime factors of d.
2, 821
Suppose -5*u = r - 0*r + 515, 5*u + 515 = r. List the prime factors of 6/2 + -3 - (u - -11).
2, 23
Let a be (8/(-28))/(2/(-14)) - -100. Suppose -2*o + 76 = -a. List the prime factors of o.
89
Let c(o) = o - 1. Let r be c(0). Let n = r + -6. What are the prime factors of (1 - 12)*35/n?
5, 11
Suppose 47*s + 79948 = 70*s. What are the prime factors of s?
2, 11, 79
Let m = 666 + -377. Suppose -3*z = -m - 290. List the prime factors of z.
193
Let k(d) = d**2 - 7*d - 8. Let u(z) = z. Let p(i) = k(i) + 4*u(i). Let b be p(5). What are the prime factors of 81/((-5)/b + 4)?
2, 3
Let c(r) = 4*r**2 + r - 1. Let k = -10 - -5. What are the prime factors of c(k)?
2, 47
Suppose -12*o + 6945 = -9*o - 5*y, 4*o = 3*y + 9260. List the prime factors of o.
5, 463
Let p(h) = -h**2 + 10*h + 14. Let j be p(11). Suppose -o + 5 = j. Suppose 20 = o*t + 2*t. What are the prime factors of t?
5
Suppose -4*o - 20 = 0, -3*c - o = -2*c - 1214. Suppose -6*v + c = 181. What are the prime factors of v?
173
Let s be (-1)/(2/(-8))*1. Suppose -2*j - 10 = 0, -s*q + 7*j - 4*j = -87. Suppose 3 + q = a. What are the prime factors of a?
3, 7
Suppose 0 = -2*f - d + 1106, -3*f + 4*d - 3*d = -1669. Suppose -2*g + f = 163. Suppose 2*k - 6*k = -g. What are the prime factors of k?
7
Let i(m) = -m**2 - 6*m + 10. Let n be i(0). Let t be (2/(-3))/(2/(-6)). List the prime factors of (t - 16)*(-5)/n.
7
Let c(d) = 3 - 5 - 2*d + 4*d + 3*d**2. Let r be c(-2). Suppose 0*s - 1 = -s + 3*a, -3*a = -r. What are the prime factors of s?
7
Suppose -5*d + 3*